{"id":652,"date":"2024-07-26T08:47:41","date_gmt":"2024-07-26T08:47:41","guid":{"rendered":"https:\/\/adria-connect.git.humanfrog.com\/destination\/austria\/"},"modified":"2025-03-24T18:49:24","modified_gmt":"2025-03-24T18:49:24","slug":"avstrija","status":"publish","type":"destination","link":"https:\/\/www.adria-connect.si\/sl\/destination\/avstrija\/","title":{"rendered":"Avstrija"},"excerpt":{"rendered":"<p>Prevozi s taksiji z ljubljanskega letali\u0161\u010da (LJU) so priro\u010dna in u\u010dinkovita oblika prevoza za potnike. Ta storitev je \u0161e posebej priljubljena med tistimi, ki \u017eelijo dose\u010di mesta, kot so Dunaj, Gradec ali Celovec.<\/p>\n","protected":false},"featured_media":841,"template":"","class_list":["post-652","destination","type-destination","status-publish","has-post-thumbnail","hentry"],"acf":[],"yoast_head":"<!-- This site is optimized with the Yoast SEO plugin v24.6 - https:\/\/yoast.com\/wordpress\/plugins\/seo\/ -->\n<title>Avstrija - AdriaConnect<\/title>\n<meta name=\"description\" content=\"Udoben taxi prevoz z letali\u0161\u010dca Ljubljana do Dunaja, Gradca ali Celovca - hitra in priro\u010dna re\u0161itev za mednarodne poti\" \/>\n<meta name=\"robots\" content=\"index, follow, max-snippet:-1, max-image-preview:large, max-video-preview:-1\" \/>\n<link rel=\"canonical\" href=\"https:\/\/adria-connect.si\/sl\/destination\/avstrija\/\" \/>\n<meta property=\"og:locale\" content=\"sl_SI\" \/>\n<meta property=\"og:type\" content=\"article\" \/>\n<meta property=\"og:title\" content=\"Avstrija - AdriaConnect\" \/>\n<meta property=\"og:description\" content=\"Udoben taxi prevoz z letali\u0161\u010dca Ljubljana do Dunaja, Gradca ali Celovca - hitra in priro\u010dna re\u0161itev za mednarodne poti\" \/>\n<meta property=\"og:url\" content=\"https:\/\/adria-connect.si\/sl\/destination\/avstrija\/\" \/>\n<meta property=\"og:site_name\" content=\"AdriaConnect\" \/>\n<meta property=\"article:modified_time\" content=\"2025-03-24T18:49:24+00:00\" \/>\n<meta property=\"og:image\" content=\"https:\/\/adria-connect.si\/wp-content\/uploads\/2024\/07\/pexels-rahatali-1493088-scaled.jpg\" \/>\n\t<meta property=\"og:image:width\" content=\"2560\" \/>\n\t<meta property=\"og:image:height\" content=\"1707\" \/>\n\t<meta property=\"og:image:type\" content=\"image\/jpeg\" \/>\n<meta name=\"twitter:card\" content=\"summary_large_image\" \/>\n<meta name=\"twitter:label1\" content=\"Est. reading time\" \/>\n\t<meta name=\"twitter:data1\" content=\"1 minuta\" \/>\n<script type=\"application\/ld+json\" class=\"yoast-schema-graph\">{\"@context\":\"https:\/\/schema.org\",\"@graph\":[{\"@type\":\"WebPage\",\"@id\":\"https:\/\/adria-connect.si\/sl\/destination\/avstrija\/\",\"url\":\"https:\/\/adria-connect.si\/sl\/destination\/avstrija\/\",\"name\":\"Avstrija - AdriaConnect\",\"isPartOf\":{\"@id\":\"http:\/\/adria-connect.si\/#website\"},\"primaryImageOfPage\":{\"@id\":\"https:\/\/adria-connect.si\/sl\/destination\/avstrija\/#primaryimage\"},\"image\":{\"@id\":\"https:\/\/adria-connect.si\/sl\/destination\/avstrija\/#primaryimage\"},\"thumbnailUrl\":\"https:\/\/www.adria-connect.si\/wp-content\/uploads\/2024\/07\/pexels-rahatali-1493088-scaled.jpg\",\"datePublished\":\"2024-07-26T08:47:41+00:00\",\"dateModified\":\"2025-03-24T18:49:24+00:00\",\"description\":\"Udoben taxi prevoz z letali\u0161\u010dca Ljubljana do Dunaja, Gradca ali Celovca - hitra in priro\u010dna re\u0161itev za mednarodne poti\",\"breadcrumb\":{\"@id\":\"https:\/\/adria-connect.si\/sl\/destination\/avstrija\/#breadcrumb\"},\"inLanguage\":\"sl-SI\",\"potentialAction\":[{\"@type\":\"ReadAction\",\"target\":[\"https:\/\/adria-connect.si\/sl\/destination\/avstrija\/\"]}]},{\"@type\":\"ImageObject\",\"inLanguage\":\"sl-SI\",\"@id\":\"https:\/\/adria-connect.si\/sl\/destination\/avstrija\/#primaryimage\",\"url\":\"https:\/\/www.adria-connect.si\/wp-content\/uploads\/2024\/07\/pexels-rahatali-1493088-scaled.jpg\",\"contentUrl\":\"https:\/\/www.adria-connect.si\/wp-content\/uploads\/2024\/07\/pexels-rahatali-1493088-scaled.jpg\",\"width\":2560,\"height\":1707},{\"@type\":\"BreadcrumbList\",\"@id\":\"https:\/\/adria-connect.si\/sl\/destination\/avstrija\/#breadcrumb\",\"itemListElement\":[{\"@type\":\"ListItem\",\"position\":1,\"name\":\"Home\",\"item\":\"https:\/\/adria-connect.si\/sl\/\"},{\"@type\":\"ListItem\",\"position\":2,\"name\":\"Avstrija\"}]},{\"@type\":\"WebSite\",\"@id\":\"http:\/\/adria-connect.si\/#website\",\"url\":\"http:\/\/adria-connect.si\/\",\"name\":\"AdriaConnect\",\"description\":\"\",\"publisher\":{\"@id\":\"http:\/\/adria-connect.si\/#organization\"},\"alternateName\":\"Ljubljana airport taxi transfers\",\"potentialAction\":[{\"@type\":\"SearchAction\",\"target\":{\"@type\":\"EntryPoint\",\"urlTemplate\":\"http:\/\/adria-connect.si\/?s={search_term_string}\"},\"query-input\":{\"@type\":\"PropertyValueSpecification\",\"valueRequired\":true,\"valueName\":\"search_term_string\"}}],\"inLanguage\":\"sl-SI\"},{\"@type\":\"Organization\",\"@id\":\"http:\/\/adria-connect.si\/#organization\",\"name\":\"AdriaConnect\",\"alternateName\":\"Ljubljana airport taxi transfers\",\"url\":\"http:\/\/adria-connect.si\/\",\"logo\":{\"@type\":\"ImageObject\",\"inLanguage\":\"sl-SI\",\"@id\":\"http:\/\/adria-connect.si\/#\/schema\/logo\/image\/\",\"url\":\"https:\/\/adria-connect.si\/wp-content\/uploads\/2024\/07\/adria-logo-main.svg\",\"contentUrl\":\"https:\/\/adria-connect.si\/wp-content\/uploads\/2024\/07\/adria-logo-main.svg\",\"width\":1,\"height\":1,\"caption\":\"AdriaConnect\"},\"image\":{\"@id\":\"http:\/\/adria-connect.si\/#\/schema\/logo\/image\/\"}}]}<\/script>\n<!-- \/ Yoast SEO plugin. -->","yoast_head_json":{"title":"Avstrija - AdriaConnect","description":"Udoben taxi prevoz z letali\u0161\u010dca Ljubljana do Dunaja, Gradca ali Celovca - hitra in priro\u010dna re\u0161itev za mednarodne poti","robots":{"index":"index","follow":"follow","max-snippet":"max-snippet:-1","max-image-preview":"max-image-preview:large","max-video-preview":"max-video-preview:-1"},"canonical":"https:\/\/adria-connect.si\/sl\/destination\/avstrija\/","og_locale":"sl_SI","og_type":"article","og_title":"Avstrija - AdriaConnect","og_description":"Udoben taxi prevoz z letali\u0161\u010dca Ljubljana do Dunaja, Gradca ali Celovca - hitra in priro\u010dna re\u0161itev za mednarodne poti","og_url":"https:\/\/adria-connect.si\/sl\/destination\/avstrija\/","og_site_name":"AdriaConnect","article_modified_time":"2025-03-24T18:49:24+00:00","og_image":[{"width":2560,"height":1707,"url":"https:\/\/adria-connect.si\/wp-content\/uploads\/2024\/07\/pexels-rahatali-1493088-scaled.jpg","type":"image\/jpeg"}],"twitter_card":"summary_large_image","twitter_misc":{"Est. reading time":"1 minuta"},"schema":{"@context":"https:\/\/schema.org","@graph":[{"@type":"WebPage","@id":"https:\/\/adria-connect.si\/sl\/destination\/avstrija\/","url":"https:\/\/adria-connect.si\/sl\/destination\/avstrija\/","name":"Avstrija - AdriaConnect","isPartOf":{"@id":"http:\/\/adria-connect.si\/#website"},"primaryImageOfPage":{"@id":"https:\/\/adria-connect.si\/sl\/destination\/avstrija\/#primaryimage"},"image":{"@id":"https:\/\/adria-connect.si\/sl\/destination\/avstrija\/#primaryimage"},"thumbnailUrl":"https:\/\/www.adria-connect.si\/wp-content\/uploads\/2024\/07\/pexels-rahatali-1493088-scaled.jpg","datePublished":"2024-07-26T08:47:41+00:00","dateModified":"2025-03-24T18:49:24+00:00","description":"Udoben taxi prevoz z letali\u0161\u010dca Ljubljana do Dunaja, Gradca ali Celovca - hitra in priro\u010dna re\u0161itev za mednarodne poti","breadcrumb":{"@id":"https:\/\/adria-connect.si\/sl\/destination\/avstrija\/#breadcrumb"},"inLanguage":"sl-SI","potentialAction":[{"@type":"ReadAction","target":["https:\/\/adria-connect.si\/sl\/destination\/avstrija\/"]}]},{"@type":"ImageObject","inLanguage":"sl-SI","@id":"https:\/\/adria-connect.si\/sl\/destination\/avstrija\/#primaryimage","url":"https:\/\/www.adria-connect.si\/wp-content\/uploads\/2024\/07\/pexels-rahatali-1493088-scaled.jpg","contentUrl":"https:\/\/www.adria-connect.si\/wp-content\/uploads\/2024\/07\/pexels-rahatali-1493088-scaled.jpg","width":2560,"height":1707},{"@type":"BreadcrumbList","@id":"https:\/\/adria-connect.si\/sl\/destination\/avstrija\/#breadcrumb","itemListElement":[{"@type":"ListItem","position":1,"name":"Home","item":"https:\/\/adria-connect.si\/sl\/"},{"@type":"ListItem","position":2,"name":"Avstrija"}]},{"@type":"WebSite","@id":"http:\/\/adria-connect.si\/#website","url":"http:\/\/adria-connect.si\/","name":"AdriaConnect","description":"","publisher":{"@id":"http:\/\/adria-connect.si\/#organization"},"alternateName":"Ljubljana airport taxi transfers","potentialAction":[{"@type":"SearchAction","target":{"@type":"EntryPoint","urlTemplate":"http:\/\/adria-connect.si\/?s={search_term_string}"},"query-input":{"@type":"PropertyValueSpecification","valueRequired":true,"valueName":"search_term_string"}}],"inLanguage":"sl-SI"},{"@type":"Organization","@id":"http:\/\/adria-connect.si\/#organization","name":"AdriaConnect","alternateName":"Ljubljana airport taxi transfers","url":"http:\/\/adria-connect.si\/","logo":{"@type":"ImageObject","inLanguage":"sl-SI","@id":"http:\/\/adria-connect.si\/#\/schema\/logo\/image\/","url":"https:\/\/adria-connect.si\/wp-content\/uploads\/2024\/07\/adria-logo-main.svg","contentUrl":"https:\/\/adria-connect.si\/wp-content\/uploads\/2024\/07\/adria-logo-main.svg","width":1,"height":1,"caption":"AdriaConnect"},"image":{"@id":"http:\/\/adria-connect.si\/#\/schema\/logo\/image\/"}}]}},"_links":{"self":[{"href":"https:\/\/www.adria-connect.si\/sl\/wp-json\/wp\/v2\/destination\/652","targetHints":{"allow":["GET"]}}],"collection":[{"href":"https:\/\/www.adria-connect.si\/sl\/wp-json\/wp\/v2\/destination"}],"about":[{"href":"https:\/\/www.adria-connect.si\/sl\/wp-json\/wp\/v2\/types\/destination"}],"wp:featuredmedia":[{"embeddable":true,"href":"https:\/\/www.adria-connect.si\/sl\/wp-json\/wp\/v2\/media\/841"}],"wp:attachment":[{"href":"https:\/\/www.adria-connect.si\/sl\/wp-json\/wp\/v2\/media?parent=652"}],"curies":[{"name":"wp","href":"https:\/\/api.w.org\/{rel}","templated":true}]}}

<p>Prevozi s taksiji z ljubljanskega letališča (LJU) so priročna in učinkovita oblika prevoza za potnike. Ta storitev je še posebej priljubljena med tistimi, ki želijo doseči mesta, kot so Dunaj, Gradec ali Celovec.</p>

<!-- This site is optimized with the Yoast SEO plugin v24.6 - https://yoast.com/wordpress/plugins/seo/ -->
<title>Avstrija - AdriaConnect</title>
<meta name="description" content="Udoben taxi prevoz z letališčca Ljubljana do Dunaja, Gradca ali Celovca - hitra in priročna rešitev za mednarodne poti" />
<meta name="robots" content="index, follow, max-snippet:-1, max-image-preview:large, max-video-preview:-1" />
<link rel="canonical" href="https://adria-connect.si/sl/destination/avstrija/" />
<meta property="og:locale" content="sl_SI" />
<meta property="og:type" content="article" />
<meta property="og:title" content="Avstrija - AdriaConnect" />
<meta property="og:description" content="Udoben taxi prevoz z letališčca Ljubljana do Dunaja, Gradca ali Celovca - hitra in priročna rešitev za mednarodne poti" />
<meta property="og:url" content="https://adria-connect.si/sl/destination/avstrija/" />
<meta property="og:site_name" content="AdriaConnect" />
<meta property="article:modified_time" content="2025-03-24T18:49:24+00:00" />
<meta property="og:image" content="https://adria-connect.si/wp-content/uploads/2024/07/pexels-rahatali-1493088-scaled.jpg" />
	<meta property="og:image:width" content="2560" />
	<meta property="og:image:height" content="1707" />
	<meta property="og:image:type" content="image/jpeg" />
<meta name="twitter:card" content="summary_large_image" />
<meta name="twitter:label1" content="Est. reading time" />
	<meta name="twitter:data1" content="1 minuta" />
<script type="application/ld+json" class="yoast-schema-graph">{"@context":"https://schema.org","@graph":[{"@type":"WebPage","@id":"https://adria-connect.si/sl/destination/avstrija/","url":"https://adria-connect.si/sl/destination/avstrija/","name":"Avstrija - AdriaConnect","isPartOf":{"@id":"http://adria-connect.si/#website"},"primaryImageOfPage":{"@id":"https://adria-connect.si/sl/destination/avstrija/#primaryimage"},"image":{"@id":"https://adria-connect.si/sl/destination/avstrija/#primaryimage"},"thumbnailUrl":"https://www.adria-connect.si/wp-content/uploads/2024/07/pexels-rahatali-1493088-scaled.jpg","datePublished":"2024-07-26T08:47:41+00:00","dateModified":"2025-03-24T18:49:24+00:00","description":"Udoben taxi prevoz z letališčca Ljubljana do Dunaja, Gradca ali Celovca - hitra in priročna rešitev za mednarodne poti","breadcrumb":{"@id":"https://adria-connect.si/sl/destination/avstrija/#breadcrumb"},"inLanguage":"sl-SI","potentialAction":[{"@type":"ReadAction","target":["https://adria-connect.si/sl/destination/avstrija/"]}]},{"@type":"ImageObject","inLanguage":"sl-SI","@id":"https://adria-connect.si/sl/destination/avstrija/#primaryimage","url":"https://www.adria-connect.si/wp-content/uploads/2024/07/pexels-rahatali-1493088-scaled.jpg","contentUrl":"https://www.adria-connect.si/wp-content/uploads/2024/07/pexels-rahatali-1493088-scaled.jpg","width":2560,"height":1707},{"@type":"BreadcrumbList","@id":"https://adria-connect.si/sl/destination/avstrija/#breadcrumb","itemListElement":[{"@type":"ListItem","position":1,"name":"Home","item":"https://adria-connect.si/sl/"},{"@type":"ListItem","position":2,"name":"Avstrija"}]},{"@type":"WebSite","@id":"http://adria-connect.si/#website","url":"http://adria-connect.si/","name":"AdriaConnect","description":"","publisher":{"@id":"http://adria-connect.si/#organization"},"alternateName":"Ljubljana airport taxi transfers","potentialAction":[{"@type":"SearchAction","target":{"@type":"EntryPoint","urlTemplate":"http://adria-connect.si/?s={search_term_string}"},"query-input":{"@type":"PropertyValueSpecification","valueRequired":true,"valueName":"search_term_string"}}],"inLanguage":"sl-SI"},{"@type":"Organization","@id":"http://adria-connect.si/#organization","name":"AdriaConnect","alternateName":"Ljubljana airport taxi transfers","url":"http://adria-connect.si/","logo":{"@type":"ImageObject","inLanguage":"sl-SI","@id":"http://adria-connect.si/#/schema/logo/image/","url":"https://adria-connect.si/wp-content/uploads/2024/07/adria-logo-main.svg","contentUrl":"https://adria-connect.si/wp-content/uploads/2024/07/adria-logo-main.svg","width":1,"height":1,"caption":"AdriaConnect"},"image":{"@id":"http://adria-connect.si/#/schema/logo/image/"}}]}</script>
<!-- / Yoast SEO plugin. -->

Udoben taxi prevoz z letališčca Ljubljana do Dunaja, Gradca ali Celovca - hitra in priročna rešitev za mednarodne poti
