{"id":658,"date":"2024-09-17T12:08:17","date_gmt":"2024-09-17T12:08:17","guid":{"rendered":"https:\/\/adria-connect.git.humanfrog.com\/transfer\/ljubljana-airport-to-porec\/"},"modified":"2025-03-23T22:35:47","modified_gmt":"2025-03-23T22:35:47","slug":"ljubljana-porec","status":"publish","type":"transfer","link":"https:\/\/www.adria-connect.si\/sl\/transfer\/ljubljana-porec\/","title":{"rendered":"Ljubljana letali\u0161\u010de do Pore\u010da"},"excerpt":{"rendered":"","protected":false},"featured_media":785,"template":"","class_list":["post-658","transfer","type-transfer","status-publish","has-post-thumbnail","hentry"],"acf":[],"yoast_head":"<!-- This site is optimized with the Yoast SEO plugin v24.6 - https:\/\/yoast.com\/wordpress\/plugins\/seo\/ -->\n<title>Ljubljana letali\u0161\u010de do Pore\u010da - AdriaConnect<\/title>\n<meta name=\"description\" content=\"Zanesljiv taxi prevoz z ljubljanskega letali\u0161\u010da do Pore\u010da. Udobno dose\u017eite to obmorsko destinacijo v Istri s profesionalnim voznikom\" \/>\n<meta name=\"robots\" content=\"index, follow, max-snippet:-1, max-image-preview:large, max-video-preview:-1\" \/>\n<link rel=\"canonical\" href=\"https:\/\/adria-connect.si\/sl\/transfer\/ljubljana-porec\/\" \/>\n<meta property=\"og:locale\" content=\"sl_SI\" \/>\n<meta property=\"og:type\" content=\"article\" \/>\n<meta property=\"og:title\" content=\"Ljubljana letali\u0161\u010de do Pore\u010da - AdriaConnect\" \/>\n<meta property=\"og:description\" content=\"Zanesljiv taxi prevoz z ljubljanskega letali\u0161\u010da do Pore\u010da. Udobno dose\u017eite to obmorsko destinacijo v Istri s profesionalnim voznikom\" \/>\n<meta property=\"og:url\" content=\"https:\/\/adria-connect.si\/sl\/transfer\/ljubljana-porec\/\" \/>\n<meta property=\"og:site_name\" content=\"AdriaConnect\" \/>\n<meta property=\"article:modified_time\" content=\"2025-03-23T22:35:47+00:00\" \/>\n<meta property=\"og:image\" content=\"https:\/\/adria-connect.si\/wp-content\/uploads\/2024\/09\/pexels-nathanael-schmer-19461219-scaled.jpg\" \/>\n\t<meta property=\"og:image:width\" content=\"2560\" \/>\n\t<meta property=\"og:image:height\" content=\"1920\" \/>\n\t<meta property=\"og:image:type\" content=\"image\/jpeg\" \/>\n<meta name=\"twitter:card\" content=\"summary_large_image\" \/>\n<meta name=\"twitter:label1\" content=\"Est. reading time\" \/>\n\t<meta name=\"twitter:data1\" content=\"1 minuta\" \/>\n<script type=\"application\/ld+json\" class=\"yoast-schema-graph\">{\"@context\":\"https:\/\/schema.org\",\"@graph\":[{\"@type\":\"WebPage\",\"@id\":\"https:\/\/adria-connect.si\/sl\/transfer\/ljubljana-porec\/\",\"url\":\"https:\/\/adria-connect.si\/sl\/transfer\/ljubljana-porec\/\",\"name\":\"Ljubljana letali\u0161\u010de do Pore\u010da - AdriaConnect\",\"isPartOf\":{\"@id\":\"http:\/\/adria-connect.si\/#website\"},\"primaryImageOfPage\":{\"@id\":\"https:\/\/adria-connect.si\/sl\/transfer\/ljubljana-porec\/#primaryimage\"},\"image\":{\"@id\":\"https:\/\/adria-connect.si\/sl\/transfer\/ljubljana-porec\/#primaryimage\"},\"thumbnailUrl\":\"https:\/\/www.adria-connect.si\/wp-content\/uploads\/2024\/09\/pexels-nathanael-schmer-19461219-scaled.jpg\",\"datePublished\":\"2024-09-17T12:08:17+00:00\",\"dateModified\":\"2025-03-23T22:35:47+00:00\",\"description\":\"Zanesljiv taxi prevoz z ljubljanskega letali\u0161\u010da do Pore\u010da. Udobno dose\u017eite to obmorsko destinacijo v Istri s profesionalnim voznikom\",\"breadcrumb\":{\"@id\":\"https:\/\/adria-connect.si\/sl\/transfer\/ljubljana-porec\/#breadcrumb\"},\"inLanguage\":\"sl-SI\",\"potentialAction\":[{\"@type\":\"ReadAction\",\"target\":[\"https:\/\/adria-connect.si\/sl\/transfer\/ljubljana-porec\/\"]}]},{\"@type\":\"ImageObject\",\"inLanguage\":\"sl-SI\",\"@id\":\"https:\/\/adria-connect.si\/sl\/transfer\/ljubljana-porec\/#primaryimage\",\"url\":\"https:\/\/www.adria-connect.si\/wp-content\/uploads\/2024\/09\/pexels-nathanael-schmer-19461219-scaled.jpg\",\"contentUrl\":\"https:\/\/www.adria-connect.si\/wp-content\/uploads\/2024\/09\/pexels-nathanael-schmer-19461219-scaled.jpg\",\"width\":2560,\"height\":1920},{\"@type\":\"BreadcrumbList\",\"@id\":\"https:\/\/adria-connect.si\/sl\/transfer\/ljubljana-porec\/#breadcrumb\",\"itemListElement\":[{\"@type\":\"ListItem\",\"position\":1,\"name\":\"Home\",\"item\":\"https:\/\/adria-connect.si\/sl\/\"},{\"@type\":\"ListItem\",\"position\":2,\"name\":\"Ljubljana letali\u0161\u010de do Pore\u010da\"}]},{\"@type\":\"WebSite\",\"@id\":\"http:\/\/adria-connect.si\/#website\",\"url\":\"http:\/\/adria-connect.si\/\",\"name\":\"AdriaConnect\",\"description\":\"\",\"publisher\":{\"@id\":\"http:\/\/adria-connect.si\/#organization\"},\"alternateName\":\"Ljubljana airport taxi transfers\",\"potentialAction\":[{\"@type\":\"SearchAction\",\"target\":{\"@type\":\"EntryPoint\",\"urlTemplate\":\"http:\/\/adria-connect.si\/?s={search_term_string}\"},\"query-input\":{\"@type\":\"PropertyValueSpecification\",\"valueRequired\":true,\"valueName\":\"search_term_string\"}}],\"inLanguage\":\"sl-SI\"},{\"@type\":\"Organization\",\"@id\":\"http:\/\/adria-connect.si\/#organization\",\"name\":\"AdriaConnect\",\"alternateName\":\"Ljubljana airport taxi transfers\",\"url\":\"http:\/\/adria-connect.si\/\",\"logo\":{\"@type\":\"ImageObject\",\"inLanguage\":\"sl-SI\",\"@id\":\"http:\/\/adria-connect.si\/#\/schema\/logo\/image\/\",\"url\":\"https:\/\/adria-connect.si\/wp-content\/uploads\/2024\/07\/adria-logo-main.svg\",\"contentUrl\":\"https:\/\/adria-connect.si\/wp-content\/uploads\/2024\/07\/adria-logo-main.svg\",\"width\":1,\"height\":1,\"caption\":\"AdriaConnect\"},\"image\":{\"@id\":\"http:\/\/adria-connect.si\/#\/schema\/logo\/image\/\"}}]}<\/script>\n<!-- \/ Yoast SEO plugin. -->","yoast_head_json":{"title":"Ljubljana letali\u0161\u010de do Pore\u010da - AdriaConnect","description":"Zanesljiv taxi prevoz z ljubljanskega letali\u0161\u010da do Pore\u010da. Udobno dose\u017eite to obmorsko destinacijo v Istri s profesionalnim voznikom","robots":{"index":"index","follow":"follow","max-snippet":"max-snippet:-1","max-image-preview":"max-image-preview:large","max-video-preview":"max-video-preview:-1"},"canonical":"https:\/\/adria-connect.si\/sl\/transfer\/ljubljana-porec\/","og_locale":"sl_SI","og_type":"article","og_title":"Ljubljana letali\u0161\u010de do Pore\u010da - AdriaConnect","og_description":"Zanesljiv taxi prevoz z ljubljanskega letali\u0161\u010da do Pore\u010da. Udobno dose\u017eite to obmorsko destinacijo v Istri s profesionalnim voznikom","og_url":"https:\/\/adria-connect.si\/sl\/transfer\/ljubljana-porec\/","og_site_name":"AdriaConnect","article_modified_time":"2025-03-23T22:35:47+00:00","og_image":[{"width":2560,"height":1920,"url":"https:\/\/adria-connect.si\/wp-content\/uploads\/2024\/09\/pexels-nathanael-schmer-19461219-scaled.jpg","type":"image\/jpeg"}],"twitter_card":"summary_large_image","twitter_misc":{"Est. reading time":"1 minuta"},"schema":{"@context":"https:\/\/schema.org","@graph":[{"@type":"WebPage","@id":"https:\/\/adria-connect.si\/sl\/transfer\/ljubljana-porec\/","url":"https:\/\/adria-connect.si\/sl\/transfer\/ljubljana-porec\/","name":"Ljubljana letali\u0161\u010de do Pore\u010da - AdriaConnect","isPartOf":{"@id":"http:\/\/adria-connect.si\/#website"},"primaryImageOfPage":{"@id":"https:\/\/adria-connect.si\/sl\/transfer\/ljubljana-porec\/#primaryimage"},"image":{"@id":"https:\/\/adria-connect.si\/sl\/transfer\/ljubljana-porec\/#primaryimage"},"thumbnailUrl":"https:\/\/www.adria-connect.si\/wp-content\/uploads\/2024\/09\/pexels-nathanael-schmer-19461219-scaled.jpg","datePublished":"2024-09-17T12:08:17+00:00","dateModified":"2025-03-23T22:35:47+00:00","description":"Zanesljiv taxi prevoz z ljubljanskega letali\u0161\u010da do Pore\u010da. Udobno dose\u017eite to obmorsko destinacijo v Istri s profesionalnim voznikom","breadcrumb":{"@id":"https:\/\/adria-connect.si\/sl\/transfer\/ljubljana-porec\/#breadcrumb"},"inLanguage":"sl-SI","potentialAction":[{"@type":"ReadAction","target":["https:\/\/adria-connect.si\/sl\/transfer\/ljubljana-porec\/"]}]},{"@type":"ImageObject","inLanguage":"sl-SI","@id":"https:\/\/adria-connect.si\/sl\/transfer\/ljubljana-porec\/#primaryimage","url":"https:\/\/www.adria-connect.si\/wp-content\/uploads\/2024\/09\/pexels-nathanael-schmer-19461219-scaled.jpg","contentUrl":"https:\/\/www.adria-connect.si\/wp-content\/uploads\/2024\/09\/pexels-nathanael-schmer-19461219-scaled.jpg","width":2560,"height":1920},{"@type":"BreadcrumbList","@id":"https:\/\/adria-connect.si\/sl\/transfer\/ljubljana-porec\/#breadcrumb","itemListElement":[{"@type":"ListItem","position":1,"name":"Home","item":"https:\/\/adria-connect.si\/sl\/"},{"@type":"ListItem","position":2,"name":"Ljubljana letali\u0161\u010de do Pore\u010da"}]},{"@type":"WebSite","@id":"http:\/\/adria-connect.si\/#website","url":"http:\/\/adria-connect.si\/","name":"AdriaConnect","description":"","publisher":{"@id":"http:\/\/adria-connect.si\/#organization"},"alternateName":"Ljubljana airport taxi transfers","potentialAction":[{"@type":"SearchAction","target":{"@type":"EntryPoint","urlTemplate":"http:\/\/adria-connect.si\/?s={search_term_string}"},"query-input":{"@type":"PropertyValueSpecification","valueRequired":true,"valueName":"search_term_string"}}],"inLanguage":"sl-SI"},{"@type":"Organization","@id":"http:\/\/adria-connect.si\/#organization","name":"AdriaConnect","alternateName":"Ljubljana airport taxi transfers","url":"http:\/\/adria-connect.si\/","logo":{"@type":"ImageObject","inLanguage":"sl-SI","@id":"http:\/\/adria-connect.si\/#\/schema\/logo\/image\/","url":"https:\/\/adria-connect.si\/wp-content\/uploads\/2024\/07\/adria-logo-main.svg","contentUrl":"https:\/\/adria-connect.si\/wp-content\/uploads\/2024\/07\/adria-logo-main.svg","width":1,"height":1,"caption":"AdriaConnect"},"image":{"@id":"http:\/\/adria-connect.si\/#\/schema\/logo\/image\/"}}]}},"_links":{"self":[{"href":"https:\/\/www.adria-connect.si\/sl\/wp-json\/wp\/v2\/transfer\/658","targetHints":{"allow":["GET"]}}],"collection":[{"href":"https:\/\/www.adria-connect.si\/sl\/wp-json\/wp\/v2\/transfer"}],"about":[{"href":"https:\/\/www.adria-connect.si\/sl\/wp-json\/wp\/v2\/types\/transfer"}],"wp:featuredmedia":[{"embeddable":true,"href":"https:\/\/www.adria-connect.si\/sl\/wp-json\/wp\/v2\/media\/785"}],"wp:attachment":[{"href":"https:\/\/www.adria-connect.si\/sl\/wp-json\/wp\/v2\/media?parent=658"}],"curies":[{"name":"wp","href":"https:\/\/api.w.org\/{rel}","templated":true}]}}

Ljubljana letališče do Poreča

<!-- This site is optimized with the Yoast SEO plugin v24.6 - https://yoast.com/wordpress/plugins/seo/ -->
<title>Ljubljana letališče do Poreča - AdriaConnect</title>
<meta name="description" content="Zanesljiv taxi prevoz z ljubljanskega letališča do Poreča. Udobno dosežite to obmorsko destinacijo v Istri s profesionalnim voznikom" />
<meta name="robots" content="index, follow, max-snippet:-1, max-image-preview:large, max-video-preview:-1" />
<link rel="canonical" href="https://adria-connect.si/sl/transfer/ljubljana-porec/" />
<meta property="og:locale" content="sl_SI" />
<meta property="og:type" content="article" />
<meta property="og:title" content="Ljubljana letališče do Poreča - AdriaConnect" />
<meta property="og:description" content="Zanesljiv taxi prevoz z ljubljanskega letališča do Poreča. Udobno dosežite to obmorsko destinacijo v Istri s profesionalnim voznikom" />
<meta property="og:url" content="https://adria-connect.si/sl/transfer/ljubljana-porec/" />
<meta property="og:site_name" content="AdriaConnect" />
<meta property="article:modified_time" content="2025-03-23T22:35:47+00:00" />
<meta property="og:image" content="https://adria-connect.si/wp-content/uploads/2024/09/pexels-nathanael-schmer-19461219-scaled.jpg" />
	<meta property="og:image:width" content="2560" />
	<meta property="og:image:height" content="1920" />
	<meta property="og:image:type" content="image/jpeg" />
<meta name="twitter:card" content="summary_large_image" />
<meta name="twitter:label1" content="Est. reading time" />
	<meta name="twitter:data1" content="1 minuta" />
<script type="application/ld+json" class="yoast-schema-graph">{"@context":"https://schema.org","@graph":[{"@type":"WebPage","@id":"https://adria-connect.si/sl/transfer/ljubljana-porec/","url":"https://adria-connect.si/sl/transfer/ljubljana-porec/","name":"Ljubljana letališče do Poreča - AdriaConnect","isPartOf":{"@id":"http://adria-connect.si/#website"},"primaryImageOfPage":{"@id":"https://adria-connect.si/sl/transfer/ljubljana-porec/#primaryimage"},"image":{"@id":"https://adria-connect.si/sl/transfer/ljubljana-porec/#primaryimage"},"thumbnailUrl":"https://www.adria-connect.si/wp-content/uploads/2024/09/pexels-nathanael-schmer-19461219-scaled.jpg","datePublished":"2024-09-17T12:08:17+00:00","dateModified":"2025-03-23T22:35:47+00:00","description":"Zanesljiv taxi prevoz z ljubljanskega letališča do Poreča. Udobno dosežite to obmorsko destinacijo v Istri s profesionalnim voznikom","breadcrumb":{"@id":"https://adria-connect.si/sl/transfer/ljubljana-porec/#breadcrumb"},"inLanguage":"sl-SI","potentialAction":[{"@type":"ReadAction","target":["https://adria-connect.si/sl/transfer/ljubljana-porec/"]}]},{"@type":"ImageObject","inLanguage":"sl-SI","@id":"https://adria-connect.si/sl/transfer/ljubljana-porec/#primaryimage","url":"https://www.adria-connect.si/wp-content/uploads/2024/09/pexels-nathanael-schmer-19461219-scaled.jpg","contentUrl":"https://www.adria-connect.si/wp-content/uploads/2024/09/pexels-nathanael-schmer-19461219-scaled.jpg","width":2560,"height":1920},{"@type":"BreadcrumbList","@id":"https://adria-connect.si/sl/transfer/ljubljana-porec/#breadcrumb","itemListElement":[{"@type":"ListItem","position":1,"name":"Home","item":"https://adria-connect.si/sl/"},{"@type":"ListItem","position":2,"name":"Ljubljana letališče do Poreča"}]},{"@type":"WebSite","@id":"http://adria-connect.si/#website","url":"http://adria-connect.si/","name":"AdriaConnect","description":"","publisher":{"@id":"http://adria-connect.si/#organization"},"alternateName":"Ljubljana airport taxi transfers","potentialAction":[{"@type":"SearchAction","target":{"@type":"EntryPoint","urlTemplate":"http://adria-connect.si/?s={search_term_string}"},"query-input":{"@type":"PropertyValueSpecification","valueRequired":true,"valueName":"search_term_string"}}],"inLanguage":"sl-SI"},{"@type":"Organization","@id":"http://adria-connect.si/#organization","name":"AdriaConnect","alternateName":"Ljubljana airport taxi transfers","url":"http://adria-connect.si/","logo":{"@type":"ImageObject","inLanguage":"sl-SI","@id":"http://adria-connect.si/#/schema/logo/image/","url":"https://adria-connect.si/wp-content/uploads/2024/07/adria-logo-main.svg","contentUrl":"https://adria-connect.si/wp-content/uploads/2024/07/adria-logo-main.svg","width":1,"height":1,"caption":"AdriaConnect"},"image":{"@id":"http://adria-connect.si/#/schema/logo/image/"}}]}</script>
<!-- / Yoast SEO plugin. -->

Ljubljana letališče do Poreča - AdriaConnect

Zanesljiv taxi prevoz z ljubljanskega letališča do Poreča. Udobno dosežite to obmorsko destinacijo v Istri s profesionalnim voznikom
