{"id":667,"date":"2024-09-17T12:00:57","date_gmt":"2024-09-17T12:00:57","guid":{"rendered":"https:\/\/adria-connect.git.humanfrog.com\/transfer\/ljubljana-airport-to-salzburg-city\/"},"modified":"2025-03-24T19:15:20","modified_gmt":"2025-03-24T19:15:20","slug":"ljubljana-salzburg","status":"publish","type":"transfer","link":"https:\/\/www.adria-connect.si\/sl\/transfer\/ljubljana-salzburg\/","title":{"rendered":"Ljubljana letali\u0161\u010de do letali\u0161\u010da Salzburg"},"excerpt":{"rendered":"","protected":false},"featured_media":804,"template":"","class_list":["post-667","transfer","type-transfer","status-publish","has-post-thumbnail","hentry"],"acf":[],"yoast_head":"<!-- This site is optimized with the Yoast SEO plugin v24.6 - https:\/\/yoast.com\/wordpress\/plugins\/seo\/ -->\n<title>Ljubljana letali\u0161\u010de do letali\u0161\u010da Salzburg - AdriaConnect<\/title>\n<meta name=\"description\" content=\"Udoben taksi z ljubljanskega letali\u0161\u010da do letali\u0161\u010da Salzburg - mesto Mozarta, glasbe, kulture in \u010dudovite zgodovinske arhitekture\" \/>\n<meta name=\"robots\" content=\"index, follow, max-snippet:-1, max-image-preview:large, max-video-preview:-1\" \/>\n<link rel=\"canonical\" href=\"https:\/\/adria-connect.si\/sl\/transfer\/ljubljana-salzburg\/\" \/>\n<meta property=\"og:locale\" content=\"sl_SI\" \/>\n<meta property=\"og:type\" content=\"article\" \/>\n<meta property=\"og:title\" content=\"Ljubljana letali\u0161\u010de do letali\u0161\u010da Salzburg - AdriaConnect\" \/>\n<meta property=\"og:description\" content=\"Udoben taksi z ljubljanskega letali\u0161\u010da do letali\u0161\u010da Salzburg - mesto Mozarta, glasbe, kulture in \u010dudovite zgodovinske arhitekture\" \/>\n<meta property=\"og:url\" content=\"https:\/\/adria-connect.si\/sl\/transfer\/ljubljana-salzburg\/\" \/>\n<meta property=\"og:site_name\" content=\"AdriaConnect\" \/>\n<meta property=\"article:modified_time\" content=\"2025-03-24T19:15:20+00:00\" \/>\n<meta property=\"og:image\" content=\"https:\/\/adria-connect.si\/wp-content\/uploads\/2024\/09\/pexels-nicolecedik-13442454-scaled.jpg\" \/>\n\t<meta property=\"og:image:width\" content=\"1707\" \/>\n\t<meta property=\"og:image:height\" content=\"2560\" \/>\n\t<meta property=\"og:image:type\" content=\"image\/jpeg\" \/>\n<meta name=\"twitter:card\" content=\"summary_large_image\" \/>\n<meta name=\"twitter:label1\" content=\"Est. reading time\" \/>\n\t<meta name=\"twitter:data1\" content=\"1 minuta\" \/>\n<script type=\"application\/ld+json\" class=\"yoast-schema-graph\">{\"@context\":\"https:\/\/schema.org\",\"@graph\":[{\"@type\":\"WebPage\",\"@id\":\"https:\/\/adria-connect.si\/sl\/transfer\/ljubljana-salzburg\/\",\"url\":\"https:\/\/adria-connect.si\/sl\/transfer\/ljubljana-salzburg\/\",\"name\":\"Ljubljana letali\u0161\u010de do letali\u0161\u010da Salzburg - AdriaConnect\",\"isPartOf\":{\"@id\":\"http:\/\/adria-connect.si\/#website\"},\"primaryImageOfPage\":{\"@id\":\"https:\/\/adria-connect.si\/sl\/transfer\/ljubljana-salzburg\/#primaryimage\"},\"image\":{\"@id\":\"https:\/\/adria-connect.si\/sl\/transfer\/ljubljana-salzburg\/#primaryimage\"},\"thumbnailUrl\":\"https:\/\/www.adria-connect.si\/wp-content\/uploads\/2024\/09\/pexels-nicolecedik-13442454-scaled.jpg\",\"datePublished\":\"2024-09-17T12:00:57+00:00\",\"dateModified\":\"2025-03-24T19:15:20+00:00\",\"description\":\"Udoben taksi z ljubljanskega letali\u0161\u010da do letali\u0161\u010da Salzburg - mesto Mozarta, glasbe, kulture in \u010dudovite zgodovinske arhitekture\",\"breadcrumb\":{\"@id\":\"https:\/\/adria-connect.si\/sl\/transfer\/ljubljana-salzburg\/#breadcrumb\"},\"inLanguage\":\"sl-SI\",\"potentialAction\":[{\"@type\":\"ReadAction\",\"target\":[\"https:\/\/adria-connect.si\/sl\/transfer\/ljubljana-salzburg\/\"]}]},{\"@type\":\"ImageObject\",\"inLanguage\":\"sl-SI\",\"@id\":\"https:\/\/adria-connect.si\/sl\/transfer\/ljubljana-salzburg\/#primaryimage\",\"url\":\"https:\/\/www.adria-connect.si\/wp-content\/uploads\/2024\/09\/pexels-nicolecedik-13442454-scaled.jpg\",\"contentUrl\":\"https:\/\/www.adria-connect.si\/wp-content\/uploads\/2024\/09\/pexels-nicolecedik-13442454-scaled.jpg\",\"width\":1707,\"height\":2560},{\"@type\":\"BreadcrumbList\",\"@id\":\"https:\/\/adria-connect.si\/sl\/transfer\/ljubljana-salzburg\/#breadcrumb\",\"itemListElement\":[{\"@type\":\"ListItem\",\"position\":1,\"name\":\"Home\",\"item\":\"https:\/\/adria-connect.si\/sl\/\"},{\"@type\":\"ListItem\",\"position\":2,\"name\":\"Ljubljana letali\u0161\u010de do letali\u0161\u010da Salzburg\"}]},{\"@type\":\"WebSite\",\"@id\":\"http:\/\/adria-connect.si\/#website\",\"url\":\"http:\/\/adria-connect.si\/\",\"name\":\"AdriaConnect\",\"description\":\"\",\"publisher\":{\"@id\":\"http:\/\/adria-connect.si\/#organization\"},\"alternateName\":\"Ljubljana airport taxi transfers\",\"potentialAction\":[{\"@type\":\"SearchAction\",\"target\":{\"@type\":\"EntryPoint\",\"urlTemplate\":\"http:\/\/adria-connect.si\/?s={search_term_string}\"},\"query-input\":{\"@type\":\"PropertyValueSpecification\",\"valueRequired\":true,\"valueName\":\"search_term_string\"}}],\"inLanguage\":\"sl-SI\"},{\"@type\":\"Organization\",\"@id\":\"http:\/\/adria-connect.si\/#organization\",\"name\":\"AdriaConnect\",\"alternateName\":\"Ljubljana airport taxi transfers\",\"url\":\"http:\/\/adria-connect.si\/\",\"logo\":{\"@type\":\"ImageObject\",\"inLanguage\":\"sl-SI\",\"@id\":\"http:\/\/adria-connect.si\/#\/schema\/logo\/image\/\",\"url\":\"https:\/\/adria-connect.si\/wp-content\/uploads\/2024\/07\/adria-logo-main.svg\",\"contentUrl\":\"https:\/\/adria-connect.si\/wp-content\/uploads\/2024\/07\/adria-logo-main.svg\",\"width\":1,\"height\":1,\"caption\":\"AdriaConnect\"},\"image\":{\"@id\":\"http:\/\/adria-connect.si\/#\/schema\/logo\/image\/\"}}]}<\/script>\n<!-- \/ Yoast SEO plugin. -->","yoast_head_json":{"title":"Ljubljana letali\u0161\u010de do letali\u0161\u010da Salzburg - AdriaConnect","description":"Udoben taksi z ljubljanskega letali\u0161\u010da do letali\u0161\u010da Salzburg - mesto Mozarta, glasbe, kulture in \u010dudovite zgodovinske arhitekture","robots":{"index":"index","follow":"follow","max-snippet":"max-snippet:-1","max-image-preview":"max-image-preview:large","max-video-preview":"max-video-preview:-1"},"canonical":"https:\/\/adria-connect.si\/sl\/transfer\/ljubljana-salzburg\/","og_locale":"sl_SI","og_type":"article","og_title":"Ljubljana letali\u0161\u010de do letali\u0161\u010da Salzburg - AdriaConnect","og_description":"Udoben taksi z ljubljanskega letali\u0161\u010da do letali\u0161\u010da Salzburg - mesto Mozarta, glasbe, kulture in \u010dudovite zgodovinske arhitekture","og_url":"https:\/\/adria-connect.si\/sl\/transfer\/ljubljana-salzburg\/","og_site_name":"AdriaConnect","article_modified_time":"2025-03-24T19:15:20+00:00","og_image":[{"width":1707,"height":2560,"url":"https:\/\/adria-connect.si\/wp-content\/uploads\/2024\/09\/pexels-nicolecedik-13442454-scaled.jpg","type":"image\/jpeg"}],"twitter_card":"summary_large_image","twitter_misc":{"Est. reading time":"1 minuta"},"schema":{"@context":"https:\/\/schema.org","@graph":[{"@type":"WebPage","@id":"https:\/\/adria-connect.si\/sl\/transfer\/ljubljana-salzburg\/","url":"https:\/\/adria-connect.si\/sl\/transfer\/ljubljana-salzburg\/","name":"Ljubljana letali\u0161\u010de do letali\u0161\u010da Salzburg - AdriaConnect","isPartOf":{"@id":"http:\/\/adria-connect.si\/#website"},"primaryImageOfPage":{"@id":"https:\/\/adria-connect.si\/sl\/transfer\/ljubljana-salzburg\/#primaryimage"},"image":{"@id":"https:\/\/adria-connect.si\/sl\/transfer\/ljubljana-salzburg\/#primaryimage"},"thumbnailUrl":"https:\/\/www.adria-connect.si\/wp-content\/uploads\/2024\/09\/pexels-nicolecedik-13442454-scaled.jpg","datePublished":"2024-09-17T12:00:57+00:00","dateModified":"2025-03-24T19:15:20+00:00","description":"Udoben taksi z ljubljanskega letali\u0161\u010da do letali\u0161\u010da Salzburg - mesto Mozarta, glasbe, kulture in \u010dudovite zgodovinske arhitekture","breadcrumb":{"@id":"https:\/\/adria-connect.si\/sl\/transfer\/ljubljana-salzburg\/#breadcrumb"},"inLanguage":"sl-SI","potentialAction":[{"@type":"ReadAction","target":["https:\/\/adria-connect.si\/sl\/transfer\/ljubljana-salzburg\/"]}]},{"@type":"ImageObject","inLanguage":"sl-SI","@id":"https:\/\/adria-connect.si\/sl\/transfer\/ljubljana-salzburg\/#primaryimage","url":"https:\/\/www.adria-connect.si\/wp-content\/uploads\/2024\/09\/pexels-nicolecedik-13442454-scaled.jpg","contentUrl":"https:\/\/www.adria-connect.si\/wp-content\/uploads\/2024\/09\/pexels-nicolecedik-13442454-scaled.jpg","width":1707,"height":2560},{"@type":"BreadcrumbList","@id":"https:\/\/adria-connect.si\/sl\/transfer\/ljubljana-salzburg\/#breadcrumb","itemListElement":[{"@type":"ListItem","position":1,"name":"Home","item":"https:\/\/adria-connect.si\/sl\/"},{"@type":"ListItem","position":2,"name":"Ljubljana letali\u0161\u010de do letali\u0161\u010da Salzburg"}]},{"@type":"WebSite","@id":"http:\/\/adria-connect.si\/#website","url":"http:\/\/adria-connect.si\/","name":"AdriaConnect","description":"","publisher":{"@id":"http:\/\/adria-connect.si\/#organization"},"alternateName":"Ljubljana airport taxi transfers","potentialAction":[{"@type":"SearchAction","target":{"@type":"EntryPoint","urlTemplate":"http:\/\/adria-connect.si\/?s={search_term_string}"},"query-input":{"@type":"PropertyValueSpecification","valueRequired":true,"valueName":"search_term_string"}}],"inLanguage":"sl-SI"},{"@type":"Organization","@id":"http:\/\/adria-connect.si\/#organization","name":"AdriaConnect","alternateName":"Ljubljana airport taxi transfers","url":"http:\/\/adria-connect.si\/","logo":{"@type":"ImageObject","inLanguage":"sl-SI","@id":"http:\/\/adria-connect.si\/#\/schema\/logo\/image\/","url":"https:\/\/adria-connect.si\/wp-content\/uploads\/2024\/07\/adria-logo-main.svg","contentUrl":"https:\/\/adria-connect.si\/wp-content\/uploads\/2024\/07\/adria-logo-main.svg","width":1,"height":1,"caption":"AdriaConnect"},"image":{"@id":"http:\/\/adria-connect.si\/#\/schema\/logo\/image\/"}}]}},"_links":{"self":[{"href":"https:\/\/www.adria-connect.si\/sl\/wp-json\/wp\/v2\/transfer\/667","targetHints":{"allow":["GET"]}}],"collection":[{"href":"https:\/\/www.adria-connect.si\/sl\/wp-json\/wp\/v2\/transfer"}],"about":[{"href":"https:\/\/www.adria-connect.si\/sl\/wp-json\/wp\/v2\/types\/transfer"}],"wp:featuredmedia":[{"embeddable":true,"href":"https:\/\/www.adria-connect.si\/sl\/wp-json\/wp\/v2\/media\/804"}],"wp:attachment":[{"href":"https:\/\/www.adria-connect.si\/sl\/wp-json\/wp\/v2\/media?parent=667"}],"curies":[{"name":"wp","href":"https:\/\/api.w.org\/{rel}","templated":true}]}}

Ljubljana letališče do letališča Salzburg

<!-- This site is optimized with the Yoast SEO plugin v24.6 - https://yoast.com/wordpress/plugins/seo/ -->
<title>Ljubljana letališče do letališča Salzburg - AdriaConnect</title>
<meta name="description" content="Udoben taksi z ljubljanskega letališča do letališča Salzburg - mesto Mozarta, glasbe, kulture in čudovite zgodovinske arhitekture" />
<meta name="robots" content="index, follow, max-snippet:-1, max-image-preview:large, max-video-preview:-1" />
<link rel="canonical" href="https://adria-connect.si/sl/transfer/ljubljana-salzburg/" />
<meta property="og:locale" content="sl_SI" />
<meta property="og:type" content="article" />
<meta property="og:title" content="Ljubljana letališče do letališča Salzburg - AdriaConnect" />
<meta property="og:description" content="Udoben taksi z ljubljanskega letališča do letališča Salzburg - mesto Mozarta, glasbe, kulture in čudovite zgodovinske arhitekture" />
<meta property="og:url" content="https://adria-connect.si/sl/transfer/ljubljana-salzburg/" />
<meta property="og:site_name" content="AdriaConnect" />
<meta property="article:modified_time" content="2025-03-24T19:15:20+00:00" />
<meta property="og:image" content="https://adria-connect.si/wp-content/uploads/2024/09/pexels-nicolecedik-13442454-scaled.jpg" />
	<meta property="og:image:width" content="1707" />
	<meta property="og:image:height" content="2560" />
	<meta property="og:image:type" content="image/jpeg" />
<meta name="twitter:card" content="summary_large_image" />
<meta name="twitter:label1" content="Est. reading time" />
	<meta name="twitter:data1" content="1 minuta" />
<script type="application/ld+json" class="yoast-schema-graph">{"@context":"https://schema.org","@graph":[{"@type":"WebPage","@id":"https://adria-connect.si/sl/transfer/ljubljana-salzburg/","url":"https://adria-connect.si/sl/transfer/ljubljana-salzburg/","name":"Ljubljana letališče do letališča Salzburg - AdriaConnect","isPartOf":{"@id":"http://adria-connect.si/#website"},"primaryImageOfPage":{"@id":"https://adria-connect.si/sl/transfer/ljubljana-salzburg/#primaryimage"},"image":{"@id":"https://adria-connect.si/sl/transfer/ljubljana-salzburg/#primaryimage"},"thumbnailUrl":"https://www.adria-connect.si/wp-content/uploads/2024/09/pexels-nicolecedik-13442454-scaled.jpg","datePublished":"2024-09-17T12:00:57+00:00","dateModified":"2025-03-24T19:15:20+00:00","description":"Udoben taksi z ljubljanskega letališča do letališča Salzburg - mesto Mozarta, glasbe, kulture in čudovite zgodovinske arhitekture","breadcrumb":{"@id":"https://adria-connect.si/sl/transfer/ljubljana-salzburg/#breadcrumb"},"inLanguage":"sl-SI","potentialAction":[{"@type":"ReadAction","target":["https://adria-connect.si/sl/transfer/ljubljana-salzburg/"]}]},{"@type":"ImageObject","inLanguage":"sl-SI","@id":"https://adria-connect.si/sl/transfer/ljubljana-salzburg/#primaryimage","url":"https://www.adria-connect.si/wp-content/uploads/2024/09/pexels-nicolecedik-13442454-scaled.jpg","contentUrl":"https://www.adria-connect.si/wp-content/uploads/2024/09/pexels-nicolecedik-13442454-scaled.jpg","width":1707,"height":2560},{"@type":"BreadcrumbList","@id":"https://adria-connect.si/sl/transfer/ljubljana-salzburg/#breadcrumb","itemListElement":[{"@type":"ListItem","position":1,"name":"Home","item":"https://adria-connect.si/sl/"},{"@type":"ListItem","position":2,"name":"Ljubljana letališče do letališča Salzburg"}]},{"@type":"WebSite","@id":"http://adria-connect.si/#website","url":"http://adria-connect.si/","name":"AdriaConnect","description":"","publisher":{"@id":"http://adria-connect.si/#organization"},"alternateName":"Ljubljana airport taxi transfers","potentialAction":[{"@type":"SearchAction","target":{"@type":"EntryPoint","urlTemplate":"http://adria-connect.si/?s={search_term_string}"},"query-input":{"@type":"PropertyValueSpecification","valueRequired":true,"valueName":"search_term_string"}}],"inLanguage":"sl-SI"},{"@type":"Organization","@id":"http://adria-connect.si/#organization","name":"AdriaConnect","alternateName":"Ljubljana airport taxi transfers","url":"http://adria-connect.si/","logo":{"@type":"ImageObject","inLanguage":"sl-SI","@id":"http://adria-connect.si/#/schema/logo/image/","url":"https://adria-connect.si/wp-content/uploads/2024/07/adria-logo-main.svg","contentUrl":"https://adria-connect.si/wp-content/uploads/2024/07/adria-logo-main.svg","width":1,"height":1,"caption":"AdriaConnect"},"image":{"@id":"http://adria-connect.si/#/schema/logo/image/"}}]}</script>
<!-- / Yoast SEO plugin. -->

Ljubljana letališče do letališča Salzburg - AdriaConnect

Udoben taksi z ljubljanskega letališča do letališča Salzburg - mesto Mozarta, glasbe, kulture in čudovite zgodovinske arhitekture
